(base 10) in base 8?
6401
Convert b9 (base 12) to base 4.
2031
What is 17a (base 12) in base 16?
ee
Convert 1397 (base 12) to base 8.
4343
64451 (base 7) to base 3
210221222
159 (base 15) to base 8
465
-2400 (base 9) to base 10
-1782
-12002012 (base 3) to base 9
-5065
What is -7105 (base 10) in base 2?
-1101111000001
Convert -1255 (base 6) to base 3.
-102222
709 (base 16) to base 6
12201
Convert 8db (base 16) to base 9.
3088
Convert -50 (base 8) to base 5.
-130
Convert 1010110001001 (base 2) to base 10.
5513
-b7d (base 14) to base 8
-4333
-3ab (base 12) to base 3
-202212
-300322 (base 4) to base 3
-11021221
301234 (base 5) to base 2
10010101100001
-454 (base 12) to base 16
-280
What is -71 (base 9) in base 2?
-1000000
What is 29cc (base 13) in base 9?
8308
Convert -208a (base 11) to base 13.
-1344
7d (base 15) to base 12
9a
Convert 179 (base 12) to base 6.
1033
Convert -101110000100010 (base 2) to base 8.
-56042
Convert -1212402 (base 5) to base 13.
-a52b
What is 1101111110100111 (base 2) in base 11?
3a020
Convert 1332313 (base 4) to base 10.
8119
What is 24213 (base 5) in base 15?
808
What is 2125 (base 13) in base 15?
1564
What is -111001010 (base 2) in base 10?
-458
Convert 14170 (base 10) to base 5.
423140
-10012020020 (base 3) to base 7
-351162
b2c2 (base 16) to base 5
2431022
What is -1256 (base 13) in base 5?
-40411
What is -1c1 (base 16) in base 12?
-315
What is 132d (base 15) in base 10?
4093
18327 (base 10) to base 4
10132113
-208 (base 13) to base 4
-11122
What is -1110 (base 5) in base 9?
-182
-35425 (base 8) to base 14
-5725
-3c2 (base 15) to base 8
-1531
Convert 145 (base 6) to base 4.
1001
Convert 59 (base 10) to base 5.
214
4163 (base 9) to base 14
1182
Convert 1201112 (base 3) to base 13.
758
Convert 4403 (base 6) to base 12.
703
Convert 20644 (base 8) to base 5.
233422
-101331 (base 4) to base 13
-6a5
-11100101110000 (base 2) to base 14
-5504
Convert -1682 (base 15) to base 10.
-4847
Convert 54204 (base 8) to base 10.
22660
Convert -414 (base 11) to base 9.
-614
What is -2c6 (base 16) in base 4?
-23012
What is -b6a (base 15) in base 9?
-3471
-662 (base 9) to base 4
-20132
101001100010011 (base 2) to base 10
21267
Convert 22021201 (base 3) to base 5.
143130
What is 23b7 (base 14) in base 6?
44513
-812 (base 9) to base 11
-54a
What is 2a6d (base 15) in base 12?
5327
e9a (base 15) to base 16
cdf
What is 41a4 (base 12) in base 8?
16014
320102 (base 4) to base 11
2785
-5116 (base 9) to base 8
-7235
What is 140450 (base 6) in base 9?
20013
2111011 (base 3) to base 5
24223
Convert -100000111 (base 2) to base 12.
-19b
What is -31030 (base 4) in base 5?
-11334
Convert 1a79 (base 13) to base 12.
2383
What is -22332 (base 4) in base 12?
-4a6
What is 6425 (base 7) in base 12?
1395
What is 775 (base 11) in base 6?
4145
-1021023 (base 4) to base 11
-3578
Convert -28a (base 11) to base 6.
-1324
Convert -11110000001 (base 2) to base 8.
-3601
21111 (base 3) to base 6
534
Convert 79c (base 15) to base 5.
23342
-36122 (base 8) to base 14
-58b0
What is -3931 (base 15) in base 5?
-342241
-1064 (base 8) to base 5
-4224
Convert -5 (base 16) to base 4.
-11
Convert -220222 (base 3) to base 14.
-362
What is -4131 (base 7) in base 10?
-1443
Convert 112 (base 3) to base 12.
12
Convert -87736 (base 9) to base 2.
-1110001101001111
Convert -11110110 (base 2) to base 10.
-246
23203 (base 10) to base 14
8655
148a (base 14) to base 5
104100
What is 12102212 (base 3) in base 14?
1633
Convert -7477 (base 8) to base 4.
-330333
What is -44 (base 10) in base 6?
-112
47 (base 13) to base 7
113
Convert 96 (base 10) to base 9.
116
What is -30211 (base 4) in base 8?
-1445
What is -15043 (base 11) in base 13?
-993a
-50500 (base 6) to base 15
-1e90
Convert -142304 (base 6) to base 2.
-11010011000000
Convert -61208 (base 10) to base 5.
-3424313
-141221 (base 6) to base 13
-6061
What is -432 (base 10) in base 11?
-363
Convert -1a37 (base 16) to base 15.
-1ec6
-150144 (base 6) to base 8
-33760
180d (base 16) to base 13
2a58
What is -102143 (base 6) in base 12?
-4953
What is -68c (base 13) in base 10?
-1130
Convert ecd (base 15) to base 2.
110100001111
-70134 (base 8) to base 6
-341100
Convert 704 (base 11) to base 14.
44b
What is -10013 (base 4) in base 7?
-524
Convert 11635 (base 7) to base 9.
4174
What is 143 (base 12) in base 9?
236
What is 27580 (base 10) in base 11?
197a3
What is -1a074 (base 13) in base 5?
-3110001
What is -59c (base 15) in base 3?
-1202010
-141 (base 14) to base 10
-253
-2a2 (base 16) to base 10
-674
Convert -650 (base 8) to base 13.
-268
Convert 100001110100 (base 2) to base 3.
2222011
What is -1444 (base 5) in base 2?
-11111001
Convert -140631 (base 8) to base 12.
-24821
Convert -4782 (base 10) to base 4.
-1022232
-1044 (base 12) to base 13
-a6c
What is 7412 (base 8) in base 16?
f0a
-10100010001001 (base 2) to base 5
-313002
Convert -100100100110 (base 2) to base 10.
-2342
44301 (base 5) to base 15
da1
What is 4c5 (base 13) in base 2?
1101000101
What is -362 (base 7) in base 11?
-164
Convert -12254 (base 7) to base 6.
-22532
What is -7a4c (base 14) in base 13?
-9887
What is 3101233 (base 4) in base 7?
54064
What is -406 (base 10) in base 3?
-120001
-110111111100 (base 2) to base 14
-143a
What is -22021 (base 4) in base 14?
-345
What is 14851 (base 10) in base 7?
61204
What is -a83 (base 13) in base 2?
-11100000101
-b88 (base 15) to base 4
-220223
Convert 106304 (base 8) to base 12.
18a30
Convert 22689 (base 10) to base 13.
a434
Convert 3e8 (base 16) to base 8.
1750
What is -5203 (base 10) in base 7?
-21112
What is -120331 (base 5) in base 7?
-16010
What is 49526 (base 10) in base 8?
140566
What is -1010100111101 (base 2) in base 13?
-2623
Convert -19 (base 16) to base 11.
-23
What is d03 (base 14) in base 8?
4767
What is 945 (base 11) in base 9?
1504
What is -27b5 (base 13) in base 5?
-140400
What is -120400 (base 9) in base 16?
-11b2f
Convert -21120112 (base 3) to base 12.
-3242
1111100111 (base 2) to base 15
469
Convert 6103 (base 8) to base 6.
22311
Convert 31 (base 12) to base 15.
27
Convert 4a9 (base 11) to base 13.
375
Convert -10111110 (base 2) to base 5.
-1230
2557 (base 14) to base 16
1991
1131 (base 9) to base 7
2305
Convert -1235c (base 13) to base 8.
-101403
What is -10000100000001 (base 2) in base 16?
-2101
-45c (base 16) to base 2
-10001011100
-323330 (base 4) to base 16
-efc
-41b1 (base 14) to base 7
-45011
22d (base 15) to base 16
1ed
4003 (base 5) to base 16
1f7
Convert 7788 (base 11) to base 14.
3a4c
63cc (base 14) to base 15
518c
What is -33311 (base 5) in base 10?
-2331
200 (base 7) to base 4
1202
What is -3ce5 (base 15) in base 9?
-18788
Convert -17002 (base 12) to base 5.
-2022314
What is 1022111 (base 3) in base 11?
7a1
Convert 4a11 (base 14) to base 3.
122202200
-1411144 (base 6) to base 13
-2a15a
43e1 (base 16) to base 3
212211121
What is 223 (base 12) in base 13?
1b3
What is -233132 (base 4) in base 14?
-1170
What is -1155400 (base 6) in base 16?
-f2b8
What is -1039 (base 14) in base 16?
-aeb
Convert a65 (base 11) to base 9.
1673
Convert -44401 (base 5) to base 9.
-4225
What is 729 (base 16) in base 3?
2111220
330312 (base 4) to base 16
f36
-8339 (base 10) to base 7
-33212
Convert 27a (base 11) to base 2.
101001001
What is 12042 (base 5) in base 6?
4053
What is -2300 (base 13) in base 14?
-1b01
Convert 24b (base 12) to base 15.
182
1317 (base 14) to base 11
2579
What is 279 (base 16) in base 7?
1563
-22210010 (base 3) to base 16
-1902
What is 5510 (base 9) in base 2?
111111011011
What is -243 (base 9) in base 13?
-126
b57 (base 12) to base 15
751
-5626 (base 13) to base 16
-2eff
-d1 (base 16) to base 9
-252
Convert 10011001111 (base 2) to base 6.
5411
What is -444 (base 14) in base 10?
-844
Convert 1300 (base 7) to base 5.
3430
What is 892 (base 13) in base 2?
10110111111
What is -5782 (base 12) in base 13?
-4589
What is 1215 (base 10) in base 5?
14330
333 (base 12) to base 14
259
What is 111311 (base 5) in base 10?
3956
Convert -8cf8 (base 16) to base 7.
-210133
22022 (base 3) to base 9
268
Convert -21504 (base 7) to base 16.
-1512
What is 11610 (base 8) in base 14?
1b72
What is 2224023 (base 5) in base 16?
995f
What is 224414 (base 5) in base 7?
32433
Convert -2523 (base 8) to base 9.
-1774
32103232 (base 4) to bas